{"id":72,"date":"2020-12-10T15:57:56","date_gmt":"2020-12-10T14:57:56","guid":{"rendered":"http:\/\/wp1014149.server-he.de\/WP_INST_PRODOMO\/wordpress-5.5.3\/wordpress\/?page_id=72"},"modified":"2020-12-28T12:36:11","modified_gmt":"2020-12-28T11:36:11","slug":"pflegegrade","status":"publish","type":"page","link":"https:\/\/www.pflegedienst-prodomo.de\/index.php\/pflegegrade\/","title":{"rendered":"Pflegebed\u00fcrftigkeit &#8211; Pflegegrad"},"content":{"rendered":"\n<p class=\"wp-block-paragraph\">Informationen zur Feststellung der Pfleged\u00fcrftigkeit erhalten Sie hier:<\/p>\n\n\n\n<p class=\"wp-block-paragraph\"><a href=\"https:\/\/www.mds-ev.de\/fileadmin\/dokumente\/Publikationen\/SPV\/Begutachtungsgrundlagen\/19-11-12_BRi_Pflege.pdf\" data-type=\"URL\" data-id=\"https:\/\/www.mds-ev.de\/fileadmin\/dokumente\/Publikationen\/SPV\/Begutachtungsgrundlagen\/19-11-12_BRi_Pflege.pdf\">Richtlinien des GKV-Spitzenverbandes zur Feststellung der Pflegebed\u00fcrftigkeit nach dem XI. Buch des Sozialgesetzbuches &#8211; vom 15. April 2016 ge\u00e4ndert durch Beschluss vom 31.03.2017<\/a><br><br>Fragen und Antworten zum neuen Pflegebed\u00fcrftigkeitsbegriff finden Sie hier:<br><br><a href=\"https:\/\/www.mds-ev.de\/themen-des-mds\/pflegebeduerftigkeit-und-pflegebegutachtung\/fragen-und-antworten-zum-neuen-pflegebeduerftigkeitsbegriff.html#c1877\" data-type=\"URL\" data-id=\"https:\/\/www.mds-ev.de\/themen-des-mds\/pflegebeduerftigkeit-und-pflegebegutachtung\/fragen-und-antworten-zum-neuen-pflegebeduerftigkeitsbegriff.html#c1877\" target=\"_blank\" rel=\"noreferrer noopener\">Fragen und Antworten zum neuen Pflegebed\u00fcrftigkeitsbegriff<\/a><\/p>\n\n\n\n<p class=\"wp-block-paragraph\"><\/p>\n","protected":false},"excerpt":{"rendered":"<p>Informationen zur Feststellung der Pfleged\u00fcrftigkeit erhalten Sie hier: Richtlinien des GKV-Spitzenverbandes zur Feststellung der Pflegebed\u00fcrftigkeit nach dem XI. Buch des Sozialgesetzbuches &#8211; vom 15. April 2016 ge\u00e4ndert durch Beschluss vom 31.03.2017 Fragen und Antworten zum neuen Pflegebed\u00fcrftigkeitsbegriff finden Sie hier:<\/p>\n","protected":false},"author":1,"featured_media":0,"parent":0,"menu_order":0,"comment_status":"closed","ping_status":"closed","template":"","meta":{"footnotes":""},"class_list":["post-72","page","type-page","status-publish","hentry"],"_links":{"self":[{"href":"https:\/\/www.pflegedienst-prodomo.de\/index.php\/wp-json\/wp\/v2\/pages\/72","targetHints":{"allow":["GET"]}}],"collection":[{"href":"https:\/\/www.pflegedienst-prodomo.de\/index.php\/wp-json\/wp\/v2\/pages"}],"about":[{"href":"https:\/\/www.pflegedienst-prodomo.de\/index.php\/wp-json\/wp\/v2\/types\/page"}],"author":[{"embeddable":true,"href":"https:\/\/www.pflegedienst-prodomo.de\/index.php\/wp-json\/wp\/v2\/users\/1"}],"replies":[{"embeddable":true,"href":"https:\/\/www.pflegedienst-prodomo.de\/index.php\/wp-json\/wp\/v2\/comments?post=72"}],"version-history":[{"count":6,"href":"https:\/\/www.pflegedienst-prodomo.de\/index.php\/wp-json\/wp\/v2\/pages\/72\/revisions"}],"predecessor-version":[{"id":159,"href":"https:\/\/www.pflegedienst-prodomo.de\/index.php\/wp-json\/wp\/v2\/pages\/72\/revisions\/159"}],"wp:attachment":[{"href":"https:\/\/www.pflegedienst-prodomo.de\/index.php\/wp-json\/wp\/v2\/media?parent=72"}],"curies":[{"name":"wp","href":"https:\/\/api.w.org\/{rel}","templated":true}]}}

Pflegebedürftigkeit &#8211; Pflegegrad

<p class="wp-block-paragraph">Informationen zur Feststellung der Pflegedürftigkeit erhalten Sie hier:</p>



<p class="wp-block-paragraph"><a href="https://www.mds-ev.de/fileadmin/dokumente/Publikationen/SPV/Begutachtungsgrundlagen/19-11-12_BRi_Pflege.pdf" data-type="URL" data-id="https://www.mds-ev.de/fileadmin/dokumente/Publikationen/SPV/Begutachtungsgrundlagen/19-11-12_BRi_Pflege.pdf">Richtlinien des GKV-Spitzenverbandes zur Feststellung der Pflegebedürftigkeit nach dem XI. Buch des Sozialgesetzbuches &#8211; vom 15. April 2016 geändert durch Beschluss vom 31.03.2017</a><br><br>Fragen und Antworten zum neuen Pflegebedürftigkeitsbegriff finden Sie hier:<br><br><a href="https://www.mds-ev.de/themen-des-mds/pflegebeduerftigkeit-und-pflegebegutachtung/fragen-und-antworten-zum-neuen-pflegebeduerftigkeitsbegriff.html#c1877" data-type="URL" data-id="https://www.mds-ev.de/themen-des-mds/pflegebeduerftigkeit-und-pflegebegutachtung/fragen-und-antworten-zum-neuen-pflegebeduerftigkeitsbegriff.html#c1877" target="_blank" rel="noreferrer noopener">Fragen und Antworten zum neuen Pflegebedürftigkeitsbegriff</a></p>



<p class="wp-block-paragraph"></p>

<p>Informationen zur Feststellung der Pflegedürftigkeit erhalten Sie hier: Richtlinien des GKV-Spitzenverbandes zur Feststellung der Pflegebedürftigkeit nach dem XI. Buch des Sozialgesetzbuches &#8211; vom 15. April 2016 geändert durch Beschluss vom 31.03.2017 Fragen und Antworten zum neuen Pflegebedürftigkeitsbegriff finden Sie hier:</p>
